{"id":571,"date":"2024-10-02T05:35:43","date_gmt":"2024-10-02T05:35:43","guid":{"rendered":"http:\/\/www.pelecanus.cz\/?page_id=571"},"modified":"2024-10-02T05:35:43","modified_gmt":"2024-10-02T05:35:43","slug":"nase-dlouhodobe-projekty","status":"publish","type":"page","link":"https:\/\/www.pelecanus.cz\/index.php\/nase-dlouhodobe-projekty\/","title":{"rendered":"Na\u0161e dlouhodob\u00e9 projekty"},"content":{"rendered":"\n<p><strong>Dlouhodob\u00fd projekt na podporu handicapovan\u00fdch sportovc\u016f<\/strong><\/p>\n\n\n\n<div class=\"wp-block-media-text alignwide is-stacked-on-mobile\" style=\"grid-template-columns:35% auto\"><figure class=\"wp-block-media-text__media\"><img loading=\"lazy\" width=\"526\" height=\"682\" src=\"https:\/\/www.pelecanus.cz\/wp-content\/uploads\/2021\/11\/Anna-Luxova.png\" alt=\"\" class=\"wp-image-387\" srcset=\"https:\/\/www.pelecanus.cz\/wp-content\/uploads\/2021\/11\/Anna-Luxova.png 526w, https:\/\/www.pelecanus.cz\/wp-content\/uploads\/2021\/11\/Anna-Luxova-231x300.png 231w\" sizes=\"(max-width: 526px) 100vw, 526px\" \/><\/figure><div class=\"wp-block-media-text__content\">\n<p style=\"font-size:17px\"><strong>ANNA LUXOV\u00c1<\/strong><\/p>\n\n\n\n<p class=\"has-small-font-size\">Handicapovan\u00e1 sportovkyn\u011b <\/p>\n\n\n\n<p class=\"has-small-font-size\">Discipl\u00edna:  b\u011bh na 100 a 200m a hod koul\u00ed<\/p>\n\n\n\n<p class=\"has-small-font-size\">P\u0159es sv\u016fj handicap &#8211; spastickou tripar\u00e9zu a d\u011btskou mozkovou obrnu je Ani\u010dka \u00fasp\u011b\u0161nou sportovkyn\u00ed, kter\u00e1 n\u00e1s reprezentovala i na paralympi\u00e1d\u011b v Tokiu 2021, kde z\u00edskala 3. m\u00edsto ve vrhu koul\u00ed. M\u00e1 za sebou i dal\u0161\u00ed sportovn\u00ed \u00fasp\u011bchy v \u010cR i v zahrani\u010d\u00ed.<\/p>\n\n\n\n<p><\/p>\n<\/div><\/div>\n\n\n\n<div class=\"wp-block-media-text alignwide is-stacked-on-mobile\" style=\"grid-template-columns:16% auto\"><figure class=\"wp-block-media-text__media\"><img loading=\"lazy\" width=\"1024\" height=\"1024\" src=\"http:\/\/www.pelecanus.cz\/wp-content\/uploads\/2021\/08\/pelecanus-logo-1024x1024.jpg\" alt=\"\" class=\"wp-image-105\"\/><\/figure><div class=\"wp-block-media-text__content\">\n<p class=\"has-text-align-center\" style=\"font-size:17px\"><strong>Dlouhodob\u00e9 projekty na podporu student\u016f S\u0160<\/strong>:<\/p>\n\n\n\n<p class=\"has-text-align-center\" style=\"font-size:17px\"><strong>Udr\u017eiteln\u00fd \u017eivotn\u00ed styl pro ment\u00e1ln\u00ed a fyzick\u00e9 zdrav\u00ed<\/strong><\/p>\n\n\n\n<p>D\u00edky na\u0161\u00ed vynikaj\u00edc\u00ed psychoterapeutce Mgr. Margaret\u011b \u0160lem\u00ednov\u00e9 m\u016f\u017eeme pro studenty S\u0160 nab\u00eddnout zdarma p\u0159edn\u00e1\u0161ky, kter\u00e9 maj\u00ed za c\u00edl pom\u00e1hat student\u016fm zvl\u00e1dat p\u00e9\u010di o sebe tak, aby dok\u00e1zali \u010delit dne\u0161n\u00ed dob\u011b a um\u011bli si sami pomoci v obt\u00ed\u017en\u00fdch situac\u00edch. T\u00e9mata p\u0159edn\u00e1\u0161ek mohou spadat do r\u016fzn\u00fdch oblast\u00ed z\u00e1jmu, a to nap\u0159. stress, sp\u00e1nek, dieta, pohyb, vztahy, spiritualita, psychick\u00e9 probl\u00e9my, psychosomatika. V p\u0159\u00edpad\u011b z\u00e1jmu a pro podrobn\u011bj\u0161\u00ed informace n\u00e1s nev\u00e1hejte kontaktovat.<\/p>\n<\/div><\/div>\n\n\n\n<div class=\"wp-block-media-text alignwide is-stacked-on-mobile\" style=\"grid-template-columns:15% auto\"><figure class=\"wp-block-media-text__media\"><img loading=\"lazy\" width=\"1024\" height=\"1024\" src=\"http:\/\/www.pelecanus.cz\/wp-content\/uploads\/2021\/08\/pelecanus-logo-1024x1024.jpg\" alt=\"\" class=\"wp-image-105\"\/><\/figure><div class=\"wp-block-media-text__content\">\n<p class=\"has-text-align-center\" style=\"font-size:17px\"><strong>Pr\u00e1vn\u00ed minimum<\/strong><\/p>\n\n\n\n<p>D\u00edky JUDr. Ji\u0159\u00edmu Matznerovi m\u016f\u017eeme rovn\u011b\u017e pro studenty S\u0160 nab\u00eddnout zdarma p\u0159edn\u00e1\u0161ky, kter\u00e9 jim pomohou v z\u00e1kladn\u00ed pr\u00e1vn\u00ed orientaci v oblastech jako je rodina, pr\u00e1va d\u00edt\u011bte, smluvn\u00ed z\u00e1vazky, trestn\u00ed odpov\u011bdnost, mediace a dal\u0161\u00ed. V p\u0159\u00edpad\u011b z\u00e1jmu n\u00e1s nev\u00e1hejte kontaktovat.<\/p>\n<\/div><\/div>\n","protected":false},"excerpt":{"rendered":"<p>Dlouhodob\u00fd projekt na podporu handicapovan\u00fdch sportovc\u016f ANNA LUXOV\u00c1 Handicapovan\u00e1 sportovkyn\u011b Discipl\u00edna: b\u011bh na 100 a 200m a hod koul\u00ed P\u0159es sv\u016fj handicap &#8211; spastickou tripar\u00e9zu a d\u011btskou mozkovou obrnu je Ani\u010dka \u00fasp\u011b\u0161nou sportovkyn\u00ed, kter\u00e1 n\u00e1s reprezentovala i na paralympi\u00e1d\u011b v Tokiu 2021, kde z\u00edskala 3. m\u00edsto ve vrhu koul\u00ed. M\u00e1 za sebou i dal\u0161\u00ed sportovn\u00ed &hellip; <\/p>\n<p class=\"link-more\"><a href=\"https:\/\/www.pelecanus.cz\/index.php\/nase-dlouhodobe-projekty\/\" class=\"more-link\">Pokra\u010dovat ve \u010dten\u00ed<span class=\"screen-reader-text\"> &#8222;Na\u0161e dlouhodob\u00e9 projekty&#8220;<\/span><\/a><\/p>\n","protected":false},"author":3,"featured_media":0,"parent":0,"menu_order":0,"comment_status":"closed","ping_status":"closed","template":"","meta":[],"_links":{"self":[{"href":"https:\/\/www.pelecanus.cz\/index.php\/wp-json\/wp\/v2\/pages\/571"}],"collection":[{"href":"https:\/\/www.pelecanus.cz\/index.php\/wp-json\/wp\/v2\/pages"}],"about":[{"href":"https:\/\/www.pelecanus.cz\/index.php\/wp-json\/wp\/v2\/types\/page"}],"author":[{"embeddable":true,"href":"https:\/\/www.pelecanus.cz\/index.php\/wp-json\/wp\/v2\/users\/3"}],"replies":[{"embeddable":true,"href":"https:\/\/www.pelecanus.cz\/index.php\/wp-json\/wp\/v2\/comments?post=571"}],"version-history":[{"count":5,"href":"https:\/\/www.pelecanus.cz\/index.php\/wp-json\/wp\/v2\/pages\/571\/revisions"}],"predecessor-version":[{"id":576,"href":"https:\/\/www.pelecanus.cz\/index.php\/wp-json\/wp\/v2\/pages\/571\/revisions\/576"}],"wp:attachment":[{"href":"https:\/\/www.pelecanus.cz\/index.php\/wp-json\/wp\/v2\/media?parent=571"}],"curies":[{"name":"wp","href":"https:\/\/api.w.org\/{rel}","templated":true}]}}